vided by k?
4
Let t be (2/3*3)/1. Suppose 0 = t*o - 0*o - 52. Suppose -3*x = -x - 18. What is the remainder when o is divided by x?
8
Let q(h) = -h**3 - 11*h**2 - 2*h - 1. Calculate the remainder when 62 is divided by q(-11).
20
Let y(a) = -a**3 + 4*a**2 - 3*a + 3. What is the remainder when 3 is divided by y(3)?
0
Suppose m - 2 = 16. Let w(k) = -k**2 - 9*k + 5. What is the remainder when m is divided by w(-9)?
3
Let u(t) = -4 - t**3 + 0*t**2 + 4 - 3 - 5*t + 10*t**2. Calculate the remainder when u(9) is divided by 9.
6
Let t(i) = -i**3 + 6*i**2 + 10*i - 14. What is the remainder when 13 is divided by t(7)?
6
Let j = -76 - -91. Calculate the remainder when j is divided by 6.
3
Calculate the remainder when 7/14 - (-25)/2 is divided by 3.
1
Suppose -95 = -j - 53. What is the remainder when j is divided by 17?
8
Let r be 9/(-15) - (-26)/10. Suppose -k + z + 35 = -2*z, r*k - z - 50 = 0. Calculate the remainder when k is divided by -2 - (-11 - 1/(-1)).
7
Suppose g - 15 = -2*g, -16 = -2*c - 2*g. Suppose -4*v = -3*y - 2*v + 27, c*v - 45 = -5*y. Calculate the remainder when 15 is divided by y.
6
Let u(f) = -f**3 - 4*f**2 + 10*f - 4. Let l be u(-6). Let d(h) = 3*h**2 - 8*h - 6. Calculate the remainder when d(l) is divided by 31.
29
Let d be 1 - (-3 - -2) - -12. Let k be d + (-1 - -3) + -1. Let c = -6 + k. What is the remainder when 26 is divided by c?
8
Let k = 3 - 3. Suppose 0*f + 3*f = k. Suppose 2*a + 10 = f, -5*a + 184 = 5*c + 39. Calculate the remainder when c is divided by 9.
7
Let n = -12 - -15. Suppose -n*c = 4*t - 32, -2*t + 6 = -0*c - c. Calculate the remainder when 6 is divided by c.
2
Let k(t) = -t**3 + 4*t**2 + 2*t + 1. Let f be k(6). Let j = f + 98. What is the remainder when j is divided by 10?
9
Let w(b) = 2*b**3 - b**2 - 8*b + 5. Calculate the remainder when w(3) is divided by 14.
12
Suppose j = 2*j. Suppose 0*s + 3*s = 5*f + 15, s + 2*f - 5 = j. Let o = 18 + -4. What is the remainder when o is divided by s?
4
Let v(c) = c**2 - 12*c - 13. What is the remainder when 29 is divided by v(14)?
14
Let v(q) = -q + 7. Let m(a) = a**3 - a**2 - a + 3. Let j be m(0). Suppose j*w - 134 + 32 = 0. Calculate the remainder when w is divided by v(-5).
10
Calculate the remainder when 66 is divided by (-1)/(-2)*17*(-9 + 11).
15
Suppose t + 10 = 42. Let o = 141 + -56. Suppose o = -0*j + 5*j. Calculate the remainder when t is divided by j.
15
Let t(p) = -3*p - 2. Let j(o) = 2*o**3 - 3*o**2 + o - 1. Let k be j(2). Let a = -7 + k. Calculate the remainder when 7 is divided by t(a).
3
Let g = 14 - 10. Suppose -4*q + 1 = 2*u - 33, 39 = g*q + 3*u. Let m = -21 + 38. What is the remainder when m is divided by q?
5
Let w(c) = -c**2 - c + 10. Let l be w(0). Let f be 4/10 + (-24)/l. Let h(m) = 6*m**2 + 2*m. What is the remainder when 59 is divided by h(f)?
19
Let w be 1/(-2) + (-9)/(-2). Suppose -y + w + 5 = 0. Let v(n) = n + 4. Calculate the remainder when 38 is divided by v(y).
12
Let c be 1/(-3) + (-1)/(-3). Suppose c = -3*t - 1 - 5. Calculate the remainder when (29*1)/((-2)/t) is divided by 10.
9
What is the remainder when (-7)/(-1 - 3/(-6)) is divided by 5?
4
Let m = 141 + -131. Calculate the remainder when 26 is divided by m.
6
Let p(z) = -7*z - 2. Suppose 70 = -4*t - t. What is the remainder when (-4)/t + 708/21 is divided by p(-2)?
10
Suppose -x + 4*u - u = 9, 5*u = 5*x + 5. Let a = 18 + -13. Calculate the remainder when a is divided by x.
2
What is the remainder when (-178)/(2 + 2 - 6) - 1 is divided by 5?
3
Suppose -2*n = -0 - 26. Calculate the remainder when n is divided by 8.
5
Suppose -10*q = -15*q + 50. What is the remainder when 29 is divided by q?
9
Suppose -p + 4*o - 47 = 0, -6*p - 94 = -4*p + o. Calculate the remainder when 2/((-1)/(p/2)) is divided by 16.
15
Let y(x) = x**3 + 13*x**2 + 16. What is the remainder when 95 is divided by y(-13)?
15
Let u(w) = -5*w**2 + 3*w - 6. Let b be u(4). Suppose z - 2*z = -112. Let q = z + b. Calculate the remainder when q is divided by 13.
12
Suppose 2*y = -5*h + 200, -2*h - 3*y + y = -80. What is the remainder when h is divided by 14?
12
Let t(l) = 6*l + 2. Suppose -3*a = 2*j - 92, 0 = -a + 2 + 2. Calculate the remainder when j is divided by t(2).
12
Suppose 38 = 2*b - 0*b. Let i(t) = -14*t - 6. What is the remainder when i(-3) is divided by b?
17
Let k be 12/(-2) + (-3 - -3). Let q = k - -3. Let f(p) = -9*p - 3. Calculate the remainder when f(q) is divided by 13.
11
Suppose 0 = -4*s + s. Let m(l) = 5 - l + 15 - 5. What is the remainder when 44 is divided by m(s)?
14
What is the remainder when (-618)/(-8) - (-9)/12 is divided by 16?
14
Let l = 21 - 7. Suppose 4*k - 2*t - 139 = -k, 5*k + 2*t = 131. Calculate the remainder when k is divided by l.
13
Suppose -2*w + 12 = o, 3*o + 4 = 2*w - 0*w. What is the remainder when 3 is divided by o?
1
Let a(g) = g**3 - 6*g**2 + 6*g + 7. Calculate the remainder when 21 is divided by a(5).
9
Calculate the remainder when 174/(3 + 0) + -3 is divided by 8.
7
Let b(f) = 32*f**3 + f - 2. What is the remainder when b(1) is divided by 8?
7
Let u = 17 - -3. Let s = u + 1. Suppose 4*r + 0*r - 4*f = 164, -r + 3*f + 43 = 0. Calculate the remainder when r is divided by s.
19
Let h = -154 + 308. Let i = h + -108. What is the remainder when i is divided by 16?
14
Let u(n) = 3*n**2 + 9*n + 1. Let l = -13 + 27. Calculate the remainder when u(3) is divided by l.
13
Suppose 308 = 5*v + 6*v. What is the remainder when v is divided by 10?
8
What is the remainder when (18 - 0)/((-44)/(-66)) is divided by 10?
7
Let v(l) = -2*l - 4*l - 2 - 10*l + 3*l. What is the remainder when v(-2) is divided by 13?
11
Let t = 176 - 572. Let k = -146 - t. Suppose -3*s - 2*s = -k. Calculate the remainder when s is divided by 17.
16
Let q be (-1)/(((-6)/(-27))/(-2)). Let u(x) be the first derivative of -x**3/3 + 5*x**2 - 5*x - 2. What is the remainder when 7 is divided by u(q)?
3
What is the remainder when 68 is divided by 0 - 2 - (-19 + 5)?
8
Suppose 3*i - 130 = -2*i. Let k be (2/5 - (-16)/10) + -10. Let a = i - k. What is the remainder when a is divided by 12?
10
Let v(s) = -4*s + 4. Let n be v(5). What is the remainder when 8 is divided by ((-20)/n)/(1/4)?
3
Suppose -20 = 7*w - 195. Calculate the remainder when w is divided by 7.
4
Suppose -5*m - 10 = -5*h, h = 8*m - 3*m - 2. What is the remainder when 7 is divided by m?
0
Suppose 0 = 4*o - 3*o - 51. Let h = o - -6. What is the remainder when h is divided by 15?
12
Let i(r) = r**3 - 8*r**2 + 8*r - 3. Let x be i(7). Suppose x*b - 18 = -4*u + 2, -u = 1. What is the remainder when 21 is divided by b?
3
Let a(d) = 2*d + 1. Let z be a(7). Let j = -7 + z. Calculate the remainder when 23 is divided by j.
7
Let j be (-4332)/(-24) + (-6)/4. Suppose -3*u + j = 35. Calculate the remainder when u is divided by 17.
14
Let g = 21 + -1. Calculate the remainder when 38 is divided by g.
18
Calculate the remainder when 26 is divided by 78/182 + (-74)/(-7).
4
Suppose 3*f + z = 209, -4*f - 2*z = -105 - 173. What is the remainder when f is divided by 18?
16
Let x = -4 - -14. Suppose 3*a - 5 = x. What is the remainder when 14 is divided by a?
4
Let h(f) be the third derivative of 5*f**4/24 - 2*f**3/3 + f**2. Calculate the remainder when h(4) is divided by 6.
4
Let y = 3 + 7. Calculate the remainder when (0 - (-1)/1) + 26 is divided by y.
7
What is the remainder when 125 - 3/(-4)*-4 is divided by 18?
14
Suppose -i - 44 = -64. What is the remainder when 137 is divided by i?
17
Suppose 3*a - 2*o - 22 = 3*o, 0 = a - 4*o - 12. Let r(h) = 2*h**2 - 2*h + 1. Calculate the remainder when 73 is divided by r(a).
23
Let j = 330 - 297. What is the remainder when ((-1 - -2) + -4)*-21 is divided by j?
30
Let l = 5 - 5. Suppose p + p - 64 = l. Calculate the remainder when p is divided by (-1 - -3)*17/2.
15
Let h = -22 - -36. Let o = 15 + h. What is the remainder when o is divided by 15?
14
Calculate the remainder when (-5194)/(-53) + 1*4*1 is divided by 26.
24
Suppose -126 = -9*r + 3*r. Let a(y) = 11*y**2. What is the remainder when r is divided by a(-1)?
10
Suppose y - 3*d = 81, 5*y - 4*y = -d + 93. Calculate the remainder when y is divided by 31.
28
Let g(x) = -3*x - 5. What is the remainder when 63 is divided by g(-7)?
15
Let u(t) = 41*t - 1. Let z be u(1). Let x be (3 - (-2 + 4))*57. Let k = x 